CRAN Package Check Results for Package slasso

Last updated on 2024-03-03 16:50:10 CET.

Flavor Version Tinstall Tcheck Ttotal Status Flags
r-devel-linux-x86_64-debian-clang 1.0.0 74.44 59.15 133.59 NOTE
r-devel-linux-x86_64-debian-gcc 1.0.0 54.43 45.47 99.90 NOTE
r-devel-linux-x86_64-fedora-clang 1.0.0 192.17 NOTE
r-devel-linux-x86_64-fedora-gcc 1.0.0 193.39 NOTE
r-devel-windows-x86_64 1.0.0 63.00 81.00 144.00 OK
r-patched-linux-x86_64 1.0.0 63.97 59.24 123.21 NOTE
r-release-linux-x86_64 1.0.0 53.44 58.96 112.40 NOTE
r-release-macos-arm64 1.0.0 50.00 NOTE
r-release-macos-x86_64 1.0.0 78.00 NOTE
r-release-windows-x86_64 1.0.0 81.00 96.00 177.00 OK
r-oldrel-macos-arm64 1.0.0 47.00 NOTE
r-oldrel-windows-x86_64 1.0.0 73.00 96.00 169.00 OK

Check Details

Version: 1.0.0
Check: C++ specification
Result: NOTE Specified C++11: please drop specification unless essential Flavors: r-devel-linux-x86_64-debian-clang, r-devel-linux-x86_64-debian-gcc, r-devel-linux-x86_64-fedora-clang, r-devel-linux-x86_64-fedora-gcc, r-patched-linux-x86_64, r-release-linux-x86_64, r-release-macos-arm64, r-release-macos-x86_64

Version: 1.0.0
Check: dependencies in R code
Result: NOTE Namespace in Imports field not imported from: ‘RcppArmadillo’ All declared Imports should be used. Flavors: r-devel-linux-x86_64-fedora-clang, r-devel-linux-x86_64-fedora-gcc, r-oldrel-macos-arm64