CRAN Package Check Results for Package skyscapeR

Last updated on 2024-02-26 16:56:37 CET.

Flavor Version Tinstall Tcheck Ttotal Status Flags
r-devel-linux-x86_64-debian-clang 1.0.0 18.21 310.44 328.65 OK
r-devel-linux-x86_64-debian-gcc 1.0.0 13.48 230.45 243.93 OK
r-devel-linux-x86_64-fedora-clang 1.0.0 400.43 NOTE
r-devel-linux-x86_64-fedora-gcc 1.0.0 405.18 NOTE
r-devel-windows-x86_64 1.0.0 17.00 451.00 468.00 OK
r-patched-linux-x86_64 1.0.0 20.25 302.88 323.13 OK
r-release-linux-x86_64 1.0.0 11.33 294.97 306.30 OK
r-release-macos-arm64 1.0.0 333.00 OK
r-release-macos-x86_64 1.0.0 420.00 OK
r-release-windows-x86_64 1.0.0 21.00 530.00 551.00 OK
r-oldrel-macos-arm64 1.0.0 311.00 NOTE
r-oldrel-windows-x86_64 1.0.0 23.00 525.00 548.00 OK

Check Details

Version: 1.0.0
Check: dependencies in R code
Result: NOTE Namespaces in Imports field not imported from: ‘numDeriv’ ‘png’ All declared Imports should be used. Flavors: r-devel-linux-x86_64-fedora-clang, r-devel-linux-x86_64-fedora-gcc, r-oldrel-macos-arm64