CRAN Package Check Results for Package skedastic

Last updated on 2020-08-14 03:47:59 CEST.

Flavor Version Tinstall Tcheck Ttotal Status Flags
r-devel-linux-x86_64-debian-clang 0.1.0 0.52 2.41 2.93 ERROR
r-devel-linux-x86_64-debian-gcc 1.0.0 6.22 97.55 103.77 OK
r-devel-linux-x86_64-fedora-clang 1.0.0 174.71 NOTE
r-devel-linux-x86_64-fedora-gcc 1.0.0 166.72 NOTE
r-devel-windows-ix86+x86_64 0.1.0 16.00 70.00 86.00 OK
r-patched-linux-x86_64 1.0.0 8.38 130.41 138.79 OK
r-patched-solaris-x86 1.0.0 228.10 NOTE
r-release-linux-x86_64 1.0.0 7.46 136.66 144.12 OK
r-release-macos-x86_64 1.0.0 NOTE
r-release-windows-ix86+x86_64 1.0.0 18.00 189.00 207.00 OK
r-oldrel-macos-x86_64 1.0.0 ERROR
r-oldrel-windows-ix86+x86_64 0.1.0 6.00 74.00 80.00 OK

Check Details

Version: 0.1.0
Check: package dependencies
Result: ERROR
    Package required but not available: 'broom'
    
    See section 'The DESCRIPTION file' in the 'Writing R Extensions'
    manual.
Flavor: r-devel-linux-x86_64-debian-clang

Version: 1.0.0
Check: package dependencies
Result: NOTE
    Imports includes 21 non-default packages.
    Importing from so many packages makes the package vulnerable to any of
    them becoming unavailable. Move as many as possible to Suggests and
    use conditionally.
Flavor: r-devel-linux-x86_64-fedora-clang

Version: 1.0.0
Check: dependencies in R code
Result: NOTE
    Namespaces in Imports field not imported from:
     ‘CompQuadForm’ ‘boot’ ‘magrittr’ ‘mvtnorm’ ‘qpdf’ ‘shiny’ ‘tibble’
     All declared Imports should be used.
Flavors: r-devel-linux-x86_64-fedora-clang, r-devel-linux-x86_64-fedora-gcc, r-patched-solaris-x86, r-release-macos-x86_64

Version: 1.0.0
Check: Rd cross-references
Result: NOTE
    Undeclared package ‘maxLik’ in Rd xrefs
Flavor: r-devel-linux-x86_64-fedora-clang

Version: 1.0.0
Check: whether package can be installed
Result: ERROR
    Installation failed.
Flavor: r-oldrel-macos-x86_64