CRAN Package Check Results for Package simsalapar

Last updated on 2020-08-09 15:47:58 CEST.

Flavor Version Tinstall Tcheck Ttotal Status Flags
r-devel-linux-x86_64-debian-clang 1.0-10 5.58 38.40 43.98 NOTE --no-tests
r-devel-linux-x86_64-debian-gcc 1.0-10 5.19 30.06 35.25 NOTE --no-tests
r-devel-linux-x86_64-fedora-clang 1.0-10 110.30 NOTE
r-devel-linux-x86_64-fedora-gcc 1.0-10 104.53 NOTE
r-devel-windows-ix86+x86_64 1.0-10 15.00 144.00 159.00 OK
r-patched-linux-x86_64 1.0-10 5.95 38.16 44.11 NOTE --no-tests
r-patched-solaris-x86 1.0-10 295.80 NOTE
r-release-linux-x86_64 1.0-10 5.91 38.31 44.22 NOTE --no-tests
r-release-macos-x86_64 1.0-10 NOTE
r-release-windows-ix86+x86_64 1.0-10 15.00 143.00 158.00 OK
r-oldrel-macos-x86_64 1.0-10 NOTE
r-oldrel-windows-ix86+x86_64 1.0-10 9.00 105.00 114.00 OK

Check Details

Version: 1.0-10
Flags: --no-tests
Check: for non-standard things in the check directory
Result: NOTE
    Found the following files/directories:
     'crop_device.pdf'
Flavors: r-devel-linux-x86_64-debian-clang, r-devel-linux-x86_64-debian-gcc, r-patched-linux-x86_64, r-release-linux-x86_64

Version: 1.0-10
Check: for non-standard things in the check directory
Result: NOTE
    Found the following files/directories:
     ‘crop_device.pdf’
Flavors: r-devel-linux-x86_64-fedora-clang, r-devel-linux-x86_64-fedora-gcc, r-patched-solaris-x86

Version: 1.0-10
Check: package dependencies
Result: NOTE
    Package suggested but not available for checking: ‘Rmpi’
Flavors: r-release-macos-x86_64, r-oldrel-macos-x86_64

Version: 1.0-10
Check: Rd cross-references
Result: NOTE
    Package unavailable to check Rd xrefs: ‘Rmpi’
Flavors: r-release-macos-x86_64, r-oldrel-macos-x86_64