CRAN Package Check Results for Package simplexreg

Last updated on 2020-08-08 15:47:02 CEST.

Flavor Version Tinstall Tcheck Ttotal Status Flags
r-devel-linux-x86_64-debian-clang 1.3 5.75 36.60 42.35 OK
r-devel-linux-x86_64-debian-gcc 1.3 4.61 27.88 32.49 OK
r-devel-linux-x86_64-fedora-clang 1.3 58.66 NOTE
r-devel-linux-x86_64-fedora-gcc 1.3 51.77 NOTE
r-devel-windows-ix86+x86_64 1.3 17.00 66.00 83.00 OK
r-patched-linux-x86_64 1.3 4.66 36.11 40.77 OK
r-patched-solaris-x86 1.3 69.00 OK
r-release-linux-x86_64 1.3 5.00 35.81 40.81 OK
r-release-macos-x86_64 1.3 OK
r-release-windows-ix86+x86_64 1.3 13.00 86.00 99.00 OK
r-oldrel-macos-x86_64 1.3 OK
r-oldrel-windows-ix86+x86_64 1.3 13.00 72.00 85.00 OK

Check Details

Version: 1.3
Check: compiled code
Result: NOTE
    File ‘simplexreg/libs/simplexreg.so’:
     Found no calls to: ‘R_registerRoutines’, ‘R_useDynamicSymbols’
    
    It is good practice to register native routines and to disable symbol
    search.
    
    See ‘Writing portable packages’ in the ‘Writing R Extensions’ manual.
Flavors: r-devel-linux-x86_64-fedora-clang, r-devel-linux-x86_64-fedora-gcc