CRAN Package Check Results for Package simMP

Last updated on 2020-08-15 03:48:19 CEST.

Flavor Version Tinstall Tcheck Ttotal Status Flags
r-devel-linux-x86_64-debian-clang 0.17.3 2.57 56.53 59.10 NOTE
r-devel-linux-x86_64-debian-gcc 0.17.3 1.95 43.89 45.84 NOTE
r-devel-linux-x86_64-fedora-clang 0.17.3 78.09 NOTE
r-devel-linux-x86_64-fedora-gcc 0.17.3 68.67 NOTE
r-devel-windows-ix86+x86_64 0.17.3 9.00 94.00 103.00 OK
r-patched-linux-x86_64 0.17.3 2.04 54.79 56.83 NOTE
r-patched-solaris-x86 0.17.3 101.40 NOTE
r-release-linux-x86_64 0.17.3 2.26 56.12 58.38 NOTE
r-release-macos-x86_64 0.17.3 OK
r-release-windows-ix86+x86_64 0.17.3 11.00 67.00 78.00 OK
r-oldrel-macos-x86_64 0.17.3 NOTE
r-oldrel-windows-ix86+x86_64 0.17.3 5.00 83.00 88.00 OK

Check Details

Version: 0.17.3
Check: for non-standard things in the check directory
Result: NOTE
    Found the following files/directories:
     'res_mutation.tsv' 'res_mutationCounts.txt'
     'res_processContribution.txt' 'res_processes.txt'
Flavors: r-devel-linux-x86_64-debian-clang, r-devel-linux-x86_64-debian-gcc, r-devel-linux-x86_64-fedora-clang, r-devel-linux-x86_64-fedora-gcc, r-patched-linux-x86_64, r-patched-solaris-x86, r-release-linux-x86_64

Version: 0.17.3
Check: package dependencies
Result: NOTE
    Package suggested but not available for checking: ‘BSgenome.Hsapiens.UCSC.hg38’
Flavor: r-oldrel-macos-x86_64