CRAN Package Check Results for Package sim2Dpredictr

Last updated on 2024-03-01 16:49:32 CET.

Flavor Version Tinstall Tcheck Ttotal Status Flags
r-devel-linux-x86_64-debian-clang 0.1.1 9.50 94.70 104.20 NOTE
r-devel-linux-x86_64-debian-gcc 0.1.1 7.96 69.37 77.33 NOTE
r-devel-linux-x86_64-fedora-clang 0.1.1 130.38 NOTE
r-devel-linux-x86_64-fedora-gcc 0.1.1 121.89 NOTE
r-devel-windows-x86_64 0.1.1 10.00 90.00 100.00 OK
r-patched-linux-x86_64 0.1.1 10.05 90.69 100.74 OK
r-release-linux-x86_64 0.1.1 8.56 89.14 97.70 OK
r-release-macos-arm64 0.1.1 35.00 OK
r-release-macos-x86_64 0.1.1 61.00 OK
r-release-windows-x86_64 0.1.1 12.00 104.00 116.00 OK
r-oldrel-macos-arm64 0.1.1 38.00 OK
r-oldrel-windows-x86_64 0.1.1 13.00 104.00 117.00 OK

Check Details

Version: 0.1.1
Check: Rd files
Result: NOTE checkRd: (-1) sim_Y_Binary_X.Rd:51: Lost braces 51 | \item \code{dist = "binomial"} is drawn from eqn{Bin(XB, XB(1-XB))} | ^ Flavors: r-devel-linux-x86_64-debian-clang, r-devel-linux-x86_64-debian-gcc, r-devel-linux-x86_64-fedora-clang, r-devel-linux-x86_64-fedora-gcc