Last updated on 2023-12-10 16:51:27 CET.
Flavor | Version | Tinstall | Tcheck | Ttotal | Status | Flags |
---|---|---|---|---|---|---|
r-devel-linux-x86_64-debian-clang | 1.5 | 23.61 | 43.54 | 67.15 | NOTE | |
r-devel-linux-x86_64-debian-gcc | 1.5 | 16.37 | 33.26 | 49.63 | NOTE | |
r-devel-linux-x86_64-fedora-clang | 1.5 | 96.19 | OK | |||
r-devel-linux-x86_64-fedora-gcc | 1.5 | 92.72 | OK | |||
r-devel-windows-x86_64 | 1.5 | 21.00 | 74.00 | 95.00 | OK | |
r-patched-linux-x86_64 | 1.5 | 19.82 | 42.35 | 62.17 | OK | |
r-release-linux-x86_64 | 1.5 | 17.31 | 41.25 | 58.56 | OK | |
r-release-macos-arm64 | 1.5 | 28.00 | OK | |||
r-release-macos-x86_64 | 1.5 | 46.00 | OK | |||
r-release-windows-x86_64 | 1.5 | 27.00 | 81.00 | 108.00 | OK | |
r-oldrel-macos-arm64 | 1.5 | 30.00 | OK | |||
r-oldrel-macos-x86_64 | 1.5 | 51.00 | OK | |||
r-oldrel-windows-x86_64 | 1.5 | 23.00 | 81.00 | 104.00 | OK |
Version: 1.5
Check: Rd files
Result: NOTE
checkRd: (-1) add_k_mer_state.Rd:33: Lost braces in \itemize; \value handles \item{}{} directly
checkRd: (-1) add_k_mer_state.Rd:34: Lost braces in \itemize; \value handles \item{}{} directly
checkRd: (-1) add_k_mer_state.Rd:35: Lost braces in \itemize; \value handles \item{}{} directly
checkRd: (-1) add_k_mer_state.Rd:36: Lost braces in \itemize; \value handles \item{}{} directly
checkRd: (-1) duration_viterbi.Rd:23: Lost braces in \itemize; \value handles \item{}{} directly
checkRd: (-1) duration_viterbi.Rd:24: Lost braces in \itemize; \value handles \item{}{} directly
checkRd: (-1) duration_viterbi.Rd:25: Lost braces in \itemize; \value handles \item{}{} directly
checkRd: (-1) duration_viterbi.Rd:26: Lost braces in \itemize; \value handles \item{}{} directly
Flavors: r-devel-linux-x86_64-debian-clang, r-devel-linux-x86_64-debian-gcc