CRAN Package Check Results for Package signal

Last updated on 2020-07-08 15:48:08 CEST.

Flavor Version Tinstall Tcheck Ttotal Status Flags
r-devel-linux-x86_64-debian-clang 0.7-6 6.32 38.63 44.95 OK
r-devel-linux-x86_64-debian-gcc 0.7-6 4.97 30.56 35.53 OK
r-devel-linux-x86_64-fedora-clang 0.7-6 62.46 NOTE
r-devel-linux-x86_64-fedora-gcc 0.7-6 53.49 NOTE
r-devel-windows-ix86+x86_64 0.7-6 16.00 65.00 81.00 OK
r-patched-linux-x86_64 0.7-6 6.33 38.98 45.31 OK
r-patched-solaris-x86 0.7-6 72.90 OK
r-release-linux-x86_64 0.7-6 5.95 38.98 44.93 OK
r-release-osx-x86_64 0.7-6 OK
r-release-windows-ix86+x86_64 0.7-6 19.00 71.00 90.00 OK
r-oldrel-osx-x86_64 0.7-6 OK
r-oldrel-windows-ix86+x86_64 0.7-6 13.00 88.00 101.00 OK

Check Details

Version: 0.7-6
Check: Rd cross-references
Result: NOTE
    Undeclared package ‘matlab’ in Rd xrefs
Flavor: r-devel-linux-x86_64-fedora-clang

Version: 0.7-6
Check: compiled code
Result: NOTE
    File ‘signal/libs/signal.so’:
     Found no calls to: ‘R_registerRoutines’, ‘R_useDynamicSymbols’
    
    It is good practice to register native routines and to disable symbol
    search.
    
    See ‘Writing portable packages’ in the ‘Writing R Extensions’ manual.
Flavors: r-devel-linux-x86_64-fedora-clang, r-devel-linux-x86_64-fedora-gcc