Last updated on 2023-12-03 04:56:21 CET.
Flavor | Version | Tinstall | Tcheck | Ttotal | Status | Flags |
---|---|---|---|---|---|---|
r-devel-linux-x86_64-debian-clang | 2.2.2 | 52.71 | 259.44 | 312.15 | OK | |
r-devel-linux-x86_64-debian-gcc | 2.2.2 | 41.39 | 188.40 | 229.79 | OK | |
r-devel-linux-x86_64-fedora-clang | 2.2.2 | 393.69 | NOTE | |||
r-devel-linux-x86_64-fedora-gcc | 2.2.2 | 378.65 | OK | |||
r-devel-windows-x86_64 | 2.2.2 | 47.00 | 222.00 | 269.00 | NOTE | |
r-patched-linux-x86_64 | 2.2.2 | 48.27 | 244.58 | 292.85 | OK | |
r-release-linux-x86_64 | 2.2.2 | 37.43 | 241.52 | 278.95 | OK | |
r-release-macos-arm64 | 2.2.2 | 108.00 | NOTE | |||
r-release-macos-x86_64 | 2.2.2 | 140.00 | NOTE | |||
r-release-windows-x86_64 | 2.2.2 | 65.00 | 298.00 | 363.00 | NOTE | |
r-oldrel-macos-arm64 | 2.2.2 | 96.00 | NOTE | |||
r-oldrel-macos-x86_64 | 2.2.2 | 135.00 | NOTE | |||
r-oldrel-windows-x86_64 | 2.2.2 | 60.00 | 263.00 | 323.00 | NOTE |
Version: 2.2.2
Check: installed package size
Result: NOTE
installed size is 5.3Mb
sub-directories of 1Mb or more:
extdata 1.6Mb
help 1.7Mb
Flavors: r-devel-linux-x86_64-fedora-clang, r-devel-windows-x86_64, r-release-macos-arm64, r-release-macos-x86_64, r-release-windows-x86_64, r-oldrel-macos-arm64, r-oldrel-macos-x86_64, r-oldrel-windows-x86_64
Version: 2.2.2
Check: package dependencies
Result: NOTE
Package suggested but not available for checking: ‘BSgenome.Hsapiens.UCSC.hg19’
Flavors: r-release-macos-arm64, r-release-macos-x86_64, r-release-windows-x86_64, r-oldrel-macos-arm64, r-oldrel-macos-x86_64, r-oldrel-windows-x86_64