CRAN Package Check Results for Package sigminer

Last updated on 2020-08-06 04:48:19 CEST.

Flavor Version Tinstall Tcheck Ttotal Status Flags
r-devel-linux-x86_64-debian-clang 1.0.7 21.17 198.45 219.62 OK
r-devel-linux-x86_64-debian-gcc 1.0.7 17.83 145.68 163.51 OK
r-devel-linux-x86_64-fedora-clang 1.0.7 259.02 OK
r-devel-linux-x86_64-fedora-gcc 1.0.7 263.53 OK
r-devel-windows-ix86+x86_64 1.0.7 61.00 272.00 333.00 OK
r-patched-linux-x86_64 1.0.7 15.39 188.82 204.21 OK
r-patched-solaris-x86 1.0.7 371.70 OK
r-release-linux-x86_64 1.0.7 17.53 191.04 208.57 OK
r-release-macos-x86_64 1.0.7 ERROR
r-release-windows-ix86+x86_64 1.0.7 51.00 193.00 244.00 OK
r-oldrel-macos-x86_64 1.0.7 ERROR
r-oldrel-windows-ix86+x86_64 1.0.7 29.00 175.00 204.00 OK

Check Details

Version: 1.0.7
Check: package dependencies
Result: ERROR
    Package required but not available: ‘maftools’
    
    See section ‘The DESCRIPTION file’ in the ‘Writing R Extensions’
    manual.
Flavor: r-release-macos-x86_64

Version: 1.0.7
Check: package dependencies
Result: ERROR
    Package required but not available: ‘maftools’
    
    Package suggested but not available for checking: ‘BSgenome.Hsapiens.UCSC.hg19’
    
    See section ‘The DESCRIPTION file’ in the ‘Writing R Extensions’
    manual.
Flavor: r-oldrel-macos-x86_64