CRAN Package Check Results for Package shinyjs

Last updated on 2023-11-29 16:52:03 CET.

Flavor Version Tinstall Tcheck Ttotal Status Flags
r-devel-linux-x86_64-debian-clang 2.1.0 2.58 37.47 40.05 NOTE
r-devel-linux-x86_64-debian-gcc 2.1.0 2.43 29.21 31.64 NOTE
r-devel-linux-x86_64-fedora-gcc 2.1.0 62.43 OK
r-devel-windows-x86_64 2.1.0 4.00 60.00 64.00 OK
r-patched-linux-x86_64 2.1.0 3.72 36.78 40.50 OK
r-release-linux-x86_64 2.1.0 2.59 36.79 39.38 OK
r-release-macos-arm64 2.1.0 35.00 OK
r-release-macos-x86_64 2.1.0 46.00 OK
r-release-windows-x86_64 2.1.0 7.00 62.00 69.00 OK
r-oldrel-macos-arm64 2.1.0 23.00 OK
r-oldrel-macos-x86_64 2.1.0 32.00 OK
r-oldrel-windows-x86_64 2.1.0 5.00 61.00 66.00 OK

Check Details

Version: 2.1.0
Check: Rd files
Result: NOTE checkRd: (-1) shinyjs-defunct.Rd:18: Lost braces in \itemize; meant \describe ? checkRd: (-1) shinyjs-defunct.Rd:19: Lost braces in \itemize; meant \describe ? checkRd: (-1) shinyjs-defunct.Rd:20: Lost braces in \itemize; meant \describe ? Flavors: r-devel-linux-x86_64-debian-clang, r-devel-linux-x86_64-debian-gcc