CRAN Package Check Results for Package shinyjs

Last updated on 2020-07-14 03:48:05 CEST.

Flavor Version Tinstall Tcheck Ttotal Status Flags
r-devel-linux-x86_64-debian-clang 1.1 3.11 32.98 36.09 OK
r-devel-linux-x86_64-debian-gcc 1.1 2.36 26.35 28.71 OK
r-devel-linux-x86_64-fedora-gcc 1.1 42.10 NOTE
r-devel-windows-ix86+x86_64 1.1 7.00 93.00 100.00 OK
r-patched-linux-x86_64 1.1 3.11 33.22 36.33 OK
r-patched-solaris-x86 1.1 59.50 NOTE
r-release-linux-x86_64 1.1 2.60 32.84 35.44 OK
r-release-macos-x86_64 1.1 ERROR
r-release-windows-ix86+x86_64 1.1 10.00 53.00 63.00 OK
r-oldrel-macos-x86_64 1.1 NOTE
r-oldrel-windows-ix86+x86_64 1.1 8.00 72.00 80.00 OK

Check Details

Version: 1.1
Check: dependencies in R code
Result: NOTE
    Namespace in Imports field not imported from: ‘htmltools’
     All declared Imports should be used.
Flavors: r-devel-linux-x86_64-fedora-gcc, r-patched-solaris-x86, r-oldrel-macos-x86_64

Version: 1.1
Check: whether package can be installed
Result: ERROR
    Installation failed.
Flavor: r-release-macos-x86_64