CRAN Package Check Results for Package shinycustomloader

Last updated on 2024-02-26 04:49:40 CET.

Flavor Version Tinstall Tcheck Ttotal Status Flags
r-devel-linux-x86_64-debian-clang 0.9.0 3.58 37.54 41.12 NOTE
r-devel-linux-x86_64-debian-gcc 0.9.0 2.67 29.16 31.83 NOTE
r-devel-linux-x86_64-fedora-clang 0.9.0 50.56 NOTE
r-devel-linux-x86_64-fedora-gcc 0.9.0 52.84 NOTE
r-devel-windows-x86_64 0.9.0 4.00 56.00 60.00 NOTE
r-patched-linux-x86_64 0.9.0 3.50 37.12 40.62 NOTE
r-release-linux-x86_64 0.9.0 3.63 36.91 40.54 NOTE
r-release-macos-arm64 0.9.0 21.00 NOTE
r-release-macos-x86_64 0.9.0 31.00 NOTE
r-release-windows-x86_64 0.9.0 5.00 54.00 59.00 NOTE
r-oldrel-macos-arm64 0.9.0 20.00 NOTE
r-oldrel-windows-x86_64 0.9.0 6.00 62.00 68.00 NOTE

Check Details

Version: 0.9.0
Check: LazyData
Result: NOTE 'LazyData' is specified without a 'data' directory Flavors: r-devel-linux-x86_64-debian-clang, r-devel-linux-x86_64-debian-gcc, r-devel-linux-x86_64-fedora-clang, r-devel-linux-x86_64-fedora-gcc, r-devel-windows-x86_64, r-patched-linux-x86_64, r-release-linux-x86_64, r-release-macos-arm64, r-release-macos-x86_64, r-release-windows-x86_64, r-oldrel-macos-arm64, r-oldrel-windows-x86_64