Last updated on 2023-12-04 16:53:41 CET.
Flavor | Version | Tinstall | Tcheck | Ttotal | Status | Flags |
---|---|---|---|---|---|---|
r-devel-linux-x86_64-debian-clang | 1.8.0 | 2.36 | 31.74 | 34.10 | NOTE | |
r-devel-linux-x86_64-debian-gcc | 1.8.0 | 2.22 | 24.00 | 26.22 | NOTE | |
r-devel-linux-x86_64-fedora-clang | 1.8.0 | 44.84 | NOTE | |||
r-devel-linux-x86_64-fedora-gcc | 1.8.0 | 44.44 | NOTE | |||
r-devel-windows-x86_64 | 1.8.0 | 4.00 | 45.00 | 49.00 | NOTE | |
r-patched-linux-x86_64 | 1.8.0 | 2.55 | 30.71 | 33.26 | NOTE | |
r-release-linux-x86_64 | 1.8.0 | 1.84 | 30.10 | 31.94 | NOTE | |
r-release-macos-arm64 | 1.8.0 | 20.00 | NOTE | |||
r-release-macos-x86_64 | 1.8.0 | 27.00 | NOTE | |||
r-release-windows-x86_64 | 1.8.0 | 5.00 | 48.00 | 53.00 | NOTE | |
r-oldrel-macos-arm64 | 1.8.0 | 20.00 | NOTE | |||
r-oldrel-macos-x86_64 | 1.8.0 | 25.00 | NOTE | |||
r-oldrel-windows-x86_64 | 1.8.0 | 6.00 | 50.00 | 56.00 | NOTE |
Version: 1.8.0
Check: package dependencies
Result: NOTE
Package suggested but not available for checking: ‘cmdstanr’
Flavors: r-devel-linux-x86_64-debian-clang, r-devel-linux-x86_64-debian-gcc, r-devel-linux-x86_64-fedora-clang, r-devel-linux-x86_64-fedora-gcc, r-devel-windows-x86_64, r-patched-linux-x86_64, r-release-linux-x86_64, r-release-macos-arm64, r-release-macos-x86_64, r-release-windows-x86_64, r-oldrel-macos-arm64, r-oldrel-macos-x86_64, r-oldrel-windows-x86_64