CRAN Package Check Results for Package shinyShortcut

Last updated on 2020-08-06 15:49:45 CEST.

Flavor Version Tinstall Tcheck Ttotal Status Flags
r-devel-linux-x86_64-debian-clang 0.1.0 1.64 19.49 21.13 NOTE
r-devel-linux-x86_64-debian-gcc 0.1.0 1.44 15.58 17.02 NOTE
r-devel-linux-x86_64-fedora-clang 0.1.0 34.33 NOTE
r-devel-linux-x86_64-fedora-gcc 0.1.0 34.75 NOTE
r-devel-windows-ix86+x86_64 0.1.0 6.00 34.00 40.00 OK
r-patched-linux-x86_64 0.1.0 1.64 19.21 20.85 NOTE
r-patched-solaris-x86 0.1.0 39.30 NOTE
r-release-linux-x86_64 0.1.0 1.78 19.48 21.26 NOTE
r-release-macos-x86_64 0.1.0 OK
r-release-windows-ix86+x86_64 0.1.0 7.00 48.00 55.00 OK
r-oldrel-macos-x86_64 0.1.0 OK
r-oldrel-windows-ix86+x86_64 0.1.0 4.00 40.00 44.00 OK

Check Details

Version: 0.1.0
Check: for non-standard things in the check directory
Result: NOTE
    Found the following files/directories:
     '.shiny_run' 'shinyShortcut.desktop'
Flavors: r-devel-linux-x86_64-debian-clang, r-devel-linux-x86_64-debian-gcc, r-devel-linux-x86_64-fedora-clang, r-devel-linux-x86_64-fedora-gcc, r-patched-linux-x86_64, r-patched-solaris-x86, r-release-linux-x86_64