Last updated on 2023-12-09 16:49:33 CET.
Flavor | Version | Tinstall | Tcheck | Ttotal | Status | Flags |
---|---|---|---|---|---|---|
r-devel-linux-x86_64-debian-clang | 0.1.1 | 2.01 | 20.41 | 22.42 | NOTE | |
r-devel-linux-x86_64-debian-gcc | 0.1.1 | 1.57 | 16.01 | 17.58 | NOTE | |
r-devel-linux-x86_64-fedora-clang | 0.1.1 | 28.96 | NOTE | |||
r-devel-linux-x86_64-fedora-gcc | 0.1.1 | 27.11 | NOTE | |||
r-devel-windows-x86_64 | 0.1.1 | 3.00 | 39.00 | 42.00 | NOTE | |
r-patched-linux-x86_64 | 0.1.1 | 2.09 | 20.37 | 22.46 | NOTE | |
r-release-linux-x86_64 | 0.1.1 | 1.83 | 20.06 | 21.89 | NOTE | |
r-release-macos-arm64 | 0.1.1 | 16.00 | NOTE | |||
r-release-macos-x86_64 | 0.1.1 | 19.00 | NOTE | |||
r-release-windows-x86_64 | 0.1.1 | 4.00 | 38.00 | 42.00 | NOTE | |
r-oldrel-macos-arm64 | 0.1.1 | 16.00 | NOTE | |||
r-oldrel-macos-x86_64 | 0.1.1 | 20.00 | NOTE | |||
r-oldrel-windows-x86_64 | 0.1.1 | 3.00 | 40.00 | 43.00 | NOTE |
Version: 0.1.1
Check: LazyData
Result: NOTE
'LazyData' is specified without a 'data' directory
Flavors: r-devel-linux-x86_64-debian-clang, r-devel-linux-x86_64-debian-gcc, r-devel-linux-x86_64-fedora-clang, r-devel-linux-x86_64-fedora-gcc, r-devel-windows-x86_64, r-patched-linux-x86_64, r-release-linux-x86_64, r-release-macos-arm64, r-release-macos-x86_64, r-release-windows-x86_64, r-oldrel-macos-arm64, r-oldrel-macos-x86_64, r-oldrel-windows-x86_64