Last updated on 2023-12-03 04:56:21 CET.
Flavor | Version | Tinstall | Tcheck | Ttotal | Status | Flags |
---|---|---|---|---|---|---|
r-devel-linux-x86_64-debian-clang | 0.2.0 | 3.98 | 34.12 | 38.10 | NOTE | |
r-devel-linux-x86_64-debian-gcc | 0.2.0 | 3.23 | 26.57 | 29.80 | NOTE | |
r-devel-linux-x86_64-fedora-clang | 0.2.0 | 52.21 | NOTE | |||
r-devel-linux-x86_64-fedora-gcc | 0.2.0 | 50.47 | NOTE | |||
r-devel-windows-x86_64 | 0.2.0 | 9.00 | 47.00 | 56.00 | OK | |
r-patched-linux-x86_64 | 0.2.0 | 3.78 | 33.36 | 37.14 | NOTE | |
r-release-linux-x86_64 | 0.2.0 | 4.43 | 33.53 | 37.96 | NOTE | |
r-release-macos-arm64 | 0.2.0 | 23.00 | OK | |||
r-release-macos-x86_64 | 0.2.0 | 32.00 | OK | |||
r-release-windows-x86_64 | 0.2.0 | 12.00 | 50.00 | 62.00 | OK | |
r-oldrel-macos-arm64 | 0.2.0 | 20.00 | OK | |||
r-oldrel-macos-x86_64 | 0.2.0 | 39.00 | OK | |||
r-oldrel-windows-x86_64 | 0.2.0 | 9.00 | 55.00 | 64.00 | OK |
Version: 0.2.0
Check: package dependencies
Result: NOTE
Package suggested but not available for checking: ‘uchardet’
Flavors: r-devel-linux-x86_64-debian-clang, r-devel-linux-x86_64-debian-gcc, r-devel-linux-x86_64-fedora-clang, r-devel-linux-x86_64-fedora-gcc, r-patched-linux-x86_64, r-release-linux-x86_64