CRAN Package Check Results for Package shinyIRT

Last updated on 2024-03-02 16:54:57 CET.

Flavor Version Tinstall Tcheck Ttotal Status Flags
r-devel-linux-x86_64-debian-clang 0.1 10.40 94.13 104.53 NOTE
r-devel-linux-x86_64-debian-gcc 0.1 8.25 71.90 80.15 NOTE
r-devel-linux-x86_64-fedora-clang 0.1 135.27 NOTE
r-devel-linux-x86_64-fedora-gcc 0.1 133.66 NOTE
r-devel-windows-x86_64 0.1 11.00 91.00 102.00 NOTE
r-patched-linux-x86_64 0.1 8.31 93.69 102.00 NOTE
r-release-linux-x86_64 0.1 7.98 90.66 98.64 NOTE
r-release-macos-arm64 0.1 42.00 NOTE
r-release-macos-x86_64 0.1 69.00 NOTE
r-release-windows-x86_64 0.1 15.00 101.00 116.00 NOTE
r-oldrel-macos-arm64 0.1 37.00 NOTE
r-oldrel-windows-x86_64 0.1 14.00 107.00 121.00 NOTE

Check Details

Version: 0.1
Check: LazyData
Result: NOTE 'LazyData' is specified without a 'data' directory Flavors: r-devel-linux-x86_64-debian-clang, r-devel-linux-x86_64-debian-gcc, r-devel-linux-x86_64-fedora-clang, r-devel-linux-x86_64-fedora-gcc, r-devel-windows-x86_64, r-patched-linux-x86_64, r-release-linux-x86_64, r-release-macos-arm64, r-release-macos-x86_64, r-release-windows-x86_64, r-oldrel-macos-arm64, r-oldrel-windows-x86_64