CRAN Package Check Results for Package shinyHeatmaply

Last updated on 2020-08-13 15:51:20 CEST.

Flavor Version Tinstall Tcheck Ttotal Status Flags
r-devel-linux-x86_64-debian-clang 0.2.0 0.42 2.42 2.84 ERROR
r-devel-linux-x86_64-debian-gcc 0.2.0 7.13 46.42 53.55 OK
r-devel-linux-x86_64-fedora-clang 0.2.0 87.62 OK
r-devel-linux-x86_64-fedora-gcc 0.2.0 78.34 OK
r-devel-windows-ix86+x86_64 0.2.0 34.00 125.00 159.00 OK
r-patched-linux-x86_64 0.2.0 5.12 58.62 63.74 OK
r-patched-solaris-x86 0.2.0 115.70 OK
r-release-linux-x86_64 0.2.0 6.53 58.16 64.69 OK
r-release-macos-x86_64 0.2.0 OK
r-release-windows-ix86+x86_64 0.2.0 27.00 82.00 109.00 OK
r-oldrel-macos-x86_64 0.2.0 OK
r-oldrel-windows-ix86+x86_64 0.2.0 16.00 85.00 101.00 OK

Check Details

Version: 0.2.0
Check: package dependencies
Result: ERROR
    Packages required but not available: 'heatmaply', 'plotly'
    
    See section 'The DESCRIPTION file' in the 'Writing R Extensions'
    manual.
Flavor: r-devel-linux-x86_64-debian-clang