CRAN Package Check Results for Package shiny.worker

Last updated on 2023-12-02 16:49:28 CET.

Flavor Version Tinstall Tcheck Ttotal Status Flags
r-devel-linux-x86_64-debian-clang 0.0.1 3.41 22.04 25.45 NOTE
r-devel-linux-x86_64-debian-gcc 0.0.1 2.58 17.46 20.04 NOTE
r-devel-linux-x86_64-fedora-clang 0.0.1 33.98 NOTE
r-devel-linux-x86_64-fedora-gcc 0.0.1 31.63 NOTE
r-devel-windows-x86_64 0.0.1 5.00 40.00 45.00 NOTE
r-patched-linux-x86_64 0.0.1 3.37 21.85 25.22 NOTE
r-release-linux-x86_64 0.0.1 2.75 21.36 24.11 NOTE
r-release-macos-arm64 0.0.1 17.00 NOTE
r-release-macos-x86_64 0.0.1 21.00 NOTE
r-release-windows-x86_64 0.0.1 7.00 40.00 47.00 NOTE
r-oldrel-macos-arm64 0.0.1 16.00 NOTE
r-oldrel-macos-x86_64 0.0.1 25.00 NOTE
r-oldrel-windows-x86_64 0.0.1 5.00 44.00 49.00 NOTE

Check Details

Version: 0.0.1
Check: LazyData
Result: NOTE 'LazyData' is specified without a 'data' directory Flavors: r-devel-linux-x86_64-debian-clang, r-devel-linux-x86_64-debian-gcc, r-devel-linux-x86_64-fedora-clang, r-devel-linux-x86_64-fedora-gcc, r-devel-windows-x86_64, r-patched-linux-x86_64, r-release-linux-x86_64, r-release-macos-arm64, r-release-macos-x86_64, r-release-windows-x86_64, r-oldrel-macos-arm64, r-oldrel-macos-x86_64, r-oldrel-windows-x86_64

Version: 0.0.1
Check: dependencies in R code
Result: NOTE Namespaces in Imports field not imported from: ‘R6’ ‘shiny’ All declared Imports should be used. Flavors: r-devel-linux-x86_64-fedora-clang, r-devel-linux-x86_64-fedora-gcc, r-oldrel-macos-arm64, r-oldrel-macos-x86_64