Last updated on 2023-11-30 05:51:13 CET.
Flavor | Version | Tinstall | Tcheck | Ttotal | Status | Flags |
---|---|---|---|---|---|---|
r-devel-linux-x86_64-debian-clang | 1.4.4 | 14.77 | 148.69 | 163.46 | NOTE | |
r-devel-linux-x86_64-debian-gcc | 1.4.4 | 11.62 | 113.43 | 125.05 | NOTE | |
r-devel-linux-x86_64-fedora-clang | 1.4.4 | 210.29 | NOTE | |||
r-devel-linux-x86_64-fedora-gcc | 1.4.4 | 217.74 | NOTE | |||
r-devel-windows-x86_64 | 1.4.4 | 14.00 | 162.00 | 176.00 | NOTE | |
r-patched-linux-x86_64 | 1.4.4 | 21.19 | 138.13 | 159.32 | NOTE | |
r-release-linux-x86_64 | 1.4.4 | 13.82 | 142.06 | 155.88 | NOTE | |
r-release-macos-arm64 | 1.4.4 | 78.00 | NOTE | |||
r-release-macos-x86_64 | 1.4.4 | 154.00 | NOTE | |||
r-release-windows-x86_64 | 1.4.4 | 17.00 | 196.00 | 213.00 | NOTE | |
r-oldrel-macos-arm64 | 1.4.4 | 68.00 | NOTE | |||
r-oldrel-macos-x86_64 | 1.4.4 | 90.00 | NOTE | |||
r-oldrel-windows-x86_64 | 1.4.4 | 17.00 | 182.00 | 199.00 | NOTE |
Version: 1.4.4
Check: package dependencies
Result: NOTE
Package suggested but not available for checking: ‘rCOSA’
Flavors: r-devel-linux-x86_64-debian-clang, r-devel-linux-x86_64-debian-gcc, r-devel-linux-x86_64-fedora-clang, r-devel-linux-x86_64-fedora-gcc, r-devel-windows-x86_64, r-patched-linux-x86_64, r-release-linux-x86_64, r-release-macos-arm64, r-release-macos-x86_64, r-release-windows-x86_64, r-oldrel-macos-arm64, r-oldrel-macos-x86_64, r-oldrel-windows-x86_64
Version: 1.4.4
Check: Rd cross-references
Result: NOTE
Package unavailable to check Rd xrefs: ‘rCOSA’
Flavors: r-devel-linux-x86_64-debian-clang, r-devel-linux-x86_64-debian-gcc, r-devel-linux-x86_64-fedora-clang, r-devel-linux-x86_64-fedora-gcc, r-devel-windows-x86_64, r-patched-linux-x86_64, r-release-linux-x86_64, r-release-macos-arm64, r-release-macos-x86_64, r-release-windows-x86_64, r-oldrel-macos-arm64, r-oldrel-macos-x86_64, r-oldrel-windows-x86_64