Last updated on 2023-12-01 04:54:10 CET.
Flavor | Version | Tinstall | Tcheck | Ttotal | Status | Flags |
---|---|---|---|---|---|---|
r-devel-linux-x86_64-debian-clang | 1.4.4 | 10.19 | 450.56 | 460.75 | NOTE | |
r-devel-linux-x86_64-debian-gcc | 1.4.4 | 7.76 | 329.02 | 336.78 | NOTE | |
r-devel-linux-x86_64-fedora-clang | 1.4.4 | 562.34 | OK | |||
r-devel-linux-x86_64-fedora-gcc | 1.4.4 | 570.52 | OK | |||
r-devel-windows-x86_64 | 1.4.4 | 10.00 | 351.00 | 361.00 | OK | |
r-patched-linux-x86_64 | 1.4.4 | 7.26 | 420.16 | 427.42 | OK | |
r-release-linux-x86_64 | 1.4.4 | 6.26 | 418.82 | 425.08 | OK | |
r-release-macos-arm64 | 1.4.4 | 176.00 | OK | |||
r-release-macos-x86_64 | 1.4.4 | 490.00 | OK | |||
r-release-windows-x86_64 | 1.4.4 | 14.00 | 464.00 | 478.00 | OK | |
r-oldrel-macos-arm64 | 1.4.4 | 162.00 | OK | |||
r-oldrel-macos-x86_64 | 1.4.4 | 214.00 | OK | |||
r-oldrel-windows-x86_64 | 1.4.4 | 13.00 | 450.00 | 463.00 | OK |
Version: 1.4.4
Check: Rd files
Result: NOTE
checkRd: (-1) calculate_sampsize.Rd:42: Lost braces in \itemize; meant \describe ?
checkRd: (-1) calculate_sampsize.Rd:43: Lost braces in \itemize; meant \describe ?
checkRd: (-1) calculate_sampsize.Rd:44: Lost braces in \itemize; meant \describe ?
Flavors: r-devel-linux-x86_64-debian-clang, r-devel-linux-x86_64-debian-gcc