CRAN Package Check Results for Package sf

Last updated on 2020-07-07 03:48:02 CEST.

Flavor Version Tinstall Tcheck Ttotal Status Flags
r-devel-linux-x86_64-debian-clang 0.9-4 209.89 293.06 502.95 OK
r-devel-linux-x86_64-debian-gcc 0.9-4 159.78 218.15 377.93 OK
r-devel-linux-x86_64-fedora-clang 0.9-4 642.58 NOTE
r-devel-linux-x86_64-fedora-gcc 0.9-4 616.79 OK
r-devel-windows-ix86+x86_64 0.9-4 390.00 825.00 1215.00 NOTE
r-patched-linux-x86_64 0.9-4 168.30 281.77 450.07 OK
r-patched-solaris-x86 0.9-4 613.10 NOTE
r-release-linux-x86_64 0.9-4 161.93 281.36 443.29 OK
r-release-osx-x86_64 0.9-4 NOTE
r-release-windows-ix86+x86_64 0.9-4 440.00 819.00 1259.00 NOTE
r-oldrel-osx-x86_64 0.9-4 NOTE
r-oldrel-windows-ix86+x86_64 0.9-4 448.00 1060.00 1508.00 NOTE

Additional issues

valgrind

Check Details

Version: 0.9-4
Check: installed package size
Result: NOTE
     installed size is 26.7Mb
     sub-directories of 1Mb or more:
     doc 11.9Mb
     libs 10.3Mb
     sqlite 1.5Mb
Flavors: r-devel-linux-x86_64-fedora-clang, r-devel-windows-ix86+x86_64, r-patched-solaris-x86, r-release-osx-x86_64, r-release-windows-ix86+x86_64, r-oldrel-osx-x86_64, r-oldrel-windows-ix86+x86_64

Version: 0.9-4
Check: package dependencies
Result: NOTE
    Package suggested but not available for checking: ‘RPostgres’
Flavor: r-patched-solaris-x86