Last updated on 2023-12-02 04:52:29 CET.
Flavor | Version | Tinstall | Tcheck | Ttotal | Status | Flags |
---|---|---|---|---|---|---|
r-devel-linux-x86_64-debian-clang | 1.0-14 | 234.36 | 403.02 | 637.38 | WARN | |
r-devel-linux-x86_64-debian-gcc | 1.0-14 | 167.03 | 303.47 | 470.50 | NOTE | |
r-devel-linux-x86_64-fedora-clang | 1.0-14 | 934.72 | WARN | |||
r-devel-linux-x86_64-fedora-gcc | 1.0-14 | 942.73 | OK | |||
r-devel-windows-x86_64 | 1.0-14 | 205.00 | 788.00 | 993.00 | NOTE | |
r-patched-linux-x86_64 | 1.0-14 | 201.79 | 390.68 | 592.47 | OK | |
r-release-linux-x86_64 | 1.0-14 | 197.01 | 394.15 | 591.16 | OK | |
r-release-macos-arm64 | 1.0-14 | 230.00 | NOTE | |||
r-release-macos-x86_64 | 1.0-14 | 386.00 | NOTE | |||
r-release-windows-x86_64 | 1.0-14 | 265.00 | 1028.00 | 1293.00 | NOTE | |
r-oldrel-macos-arm64 | 1.0-14 | 204.00 | NOTE | |||
r-oldrel-macos-x86_64 | 1.0-14 | 323.00 | NOTE | |||
r-oldrel-windows-x86_64 | 1.0-14 | 274.00 | 881.00 | 1155.00 | NOTE |
Version: 1.0-14
Check: whether package can be installed
Result: WARN
Found the following significant warnings:
RcppExports.cpp:1333:18: warning: format string is not a string literal (potentially insecure) [-Wformat-security]
RcppExports.cpp:1368:18: warning: format string is not a string literal (potentially insecure) [-Wformat-security]
See ‘/home/hornik/tmp/R.check/r-devel-clang/Work/PKGS/sf.Rcheck/00install.out’ for details.
* used C++ compiler: ‘Debian clang version 17.0.5 (1)’
Flavor: r-devel-linux-x86_64-debian-clang
Version: 1.0-14
Check: Rd files
Result: NOTE
checkRd: (-1) st_relate.Rd:19: Lost braces; missing escapes or markup?
19 | In case \code{pattern} is not given, \code{st_relate} returns a dense \code{character} matrix; element [i,j] has nine characters, referring to the DE9-IM relationship between x[i] and y[j], encoded as IxIy,IxBy,IxEy,BxIy,BxBy,BxEy,ExIy,ExBy,ExEy where I refers to interior, B to boundary, and E to exterior, and e.g. BxIy the dimensionality of the intersection of the the boundary of x[i] and the interior of y[j], which is one of {0,1,2,F}, digits denoting dimensionality, F denoting not intersecting. When \code{pattern} is given, a dense logical matrix or sparse index list returned with matches to the given pattern; see \link{st_intersection} for a description of the returned matrix or list. See also \url{https://en.wikipedia.org/wiki/DE-9IM} for further explanation.
| ^
Flavors: r-devel-linux-x86_64-debian-clang, r-devel-linux-x86_64-debian-gcc
Version: 1.0-14
Check: whether package can be installed
Result: WARN
Found the following significant warnings:
RcppExports.cpp:1333:18: warning: format string is not a string literal (potentially insecure) [-Wformat-security]
RcppExports.cpp:1368:18: warning: format string is not a string literal (potentially insecure) [-Wformat-security]
See ‘/data/gannet/ripley/R/packages/tests-clang/sf.Rcheck/00install.out’ for details.
* used C++ compiler: ‘clang version 17.0.5’
Flavor: r-devel-linux-x86_64-fedora-clang
Version: 1.0-14
Check: installed package size
Result: NOTE
installed size is 7.6Mb
sub-directories of 1Mb or more:
doc 1.7Mb
libs 1.1Mb
sqlite 1.5Mb
Flavors: r-devel-linux-x86_64-fedora-clang, r-devel-windows-x86_64, r-release-macos-arm64, r-release-macos-x86_64, r-release-windows-x86_64, r-oldrel-macos-arm64, r-oldrel-macos-x86_64, r-oldrel-windows-x86_64