CRAN Package Check Results for Package sequoia

Last updated on 2024-02-26 16:56:37 CET.

Flavor Version Tinstall Tcheck Ttotal Status Flags
r-devel-linux-x86_64-debian-clang 2.8.3 97.58 240.68 338.26 OK
r-devel-linux-x86_64-debian-gcc 2.8.3 65.01 147.62 212.63 OK
r-devel-linux-x86_64-fedora-clang 2.8.3 390.40 NOTE
r-devel-linux-x86_64-fedora-gcc 2.8.3 368.26 OK
r-devel-windows-x86_64 2.8.3 60.00 245.00 305.00 OK
r-patched-linux-x86_64 2.8.3 78.84 189.88 268.72 OK
r-release-linux-x86_64 2.8.3 84.97 194.04 279.01 OK
r-release-macos-arm64 2.8.3 145.00 OK
r-release-macos-x86_64 2.8.3 315.00 OK
r-release-windows-x86_64 2.8.3 76.00 263.00 339.00 OK
r-oldrel-macos-arm64 2.8.3 171.00 OK
r-oldrel-windows-x86_64 2.8.3 71.00 235.00 306.00 OK

Check Details

Version: 2.8.3
Check: installed package size
Result: NOTE installed size is 8.4Mb sub-directories of 1Mb or more: doc 1.8Mb libs 5.6Mb Flavor: r-devel-linux-x86_64-fedora-clang