CRAN Package Check Results for Package seqinr

Last updated on 2020-07-06 15:48:34 CEST.

Flavor Version Tinstall Tcheck Ttotal Status Flags
r-devel-linux-x86_64-debian-clang 3.6-1 12.70 109.33 122.03 OK
r-devel-linux-x86_64-debian-gcc 3.6-1 11.43 86.15 97.58 OK
r-devel-linux-x86_64-fedora-clang 3.6-1 158.65 NOTE
r-devel-linux-x86_64-fedora-gcc 3.6-1 155.47 OK
r-devel-windows-ix86+x86_64 3.6-1 37.00 181.00 218.00 NOTE
r-patched-linux-x86_64 3.6-1 15.55 113.09 128.64 OK
r-patched-solaris-x86 3.6-1 213.70 NOTE
r-release-linux-x86_64 3.6-1 14.17 111.38 125.55 OK
r-release-osx-x86_64 3.6-1 NOTE
r-release-windows-ix86+x86_64 3.6-1 28.00 172.00 200.00 NOTE
r-oldrel-osx-x86_64 3.6-1 NOTE
r-oldrel-windows-ix86+x86_64 3.6-1 39.00 219.00 258.00 NOTE

Check Details

Version: 3.6-1
Check: installed package size
Result: NOTE
     installed size is 5.5Mb
     sub-directories of 1Mb or more:
     data 1.4Mb
     sequences 1.9Mb
Flavors: r-devel-linux-x86_64-fedora-clang, r-devel-windows-ix86+x86_64, r-patched-solaris-x86, r-release-osx-x86_64, r-release-windows-ix86+x86_64, r-oldrel-osx-x86_64, r-oldrel-windows-ix86+x86_64