Last updated on 2023-12-01 16:51:45 CET.
Flavor | Version | Tinstall | Tcheck | Ttotal | Status | Flags |
---|---|---|---|---|---|---|
r-devel-linux-x86_64-debian-clang | 0.7.2 | 86.33 | 473.16 | 559.49 | OK | |
r-devel-linux-x86_64-debian-gcc | 0.7.2 | 62.66 | 363.01 | 425.67 | OK | |
r-devel-linux-x86_64-fedora-clang | 0.7.2 | 653.36 | NOTE | |||
r-devel-linux-x86_64-fedora-gcc | 0.7.2 | 621.09 | NOTE | |||
r-devel-windows-x86_64 | 0.7.2 | 68.00 | 323.00 | 391.00 | OK | |
r-patched-linux-x86_64 | 0.7.2 | 73.51 | 439.81 | 513.32 | OK | |
r-release-linux-x86_64 | 0.7.2 | 78.10 | 418.63 | 496.73 | OK | |
r-release-macos-arm64 | 0.7.2 | 174.00 | NOTE | |||
r-release-macos-x86_64 | 0.7.2 | 314.00 | NOTE | |||
r-release-windows-x86_64 | 0.7.2 | 90.00 | 380.00 | 470.00 | OK | |
r-oldrel-macos-arm64 | 0.7.2 | 185.00 | NOTE | |||
r-oldrel-macos-x86_64 | 0.7.2 | 210.00 | NOTE | |||
r-oldrel-windows-x86_64 | 0.7.2 | 85.00 | 368.00 | 453.00 | OK |
Version: 0.7.2
Check: Rd cross-references
Result: NOTE
Undeclared package ‘lexicon’ in Rd xrefs
Flavor: r-devel-linux-x86_64-fedora-clang
Version: 0.7.2
Check: data for non-ASCII characters
Result: NOTE
Note: found 3128 marked UTF-8 strings
Flavors: r-devel-linux-x86_64-fedora-clang, r-devel-linux-x86_64-fedora-gcc
Version: 0.7.2
Check: installed package size
Result: NOTE
installed size is 6.6Mb
sub-directories of 1Mb or more:
data 1.2Mb
libs 4.6Mb
Flavors: r-release-macos-arm64, r-release-macos-x86_64, r-oldrel-macos-arm64, r-oldrel-macos-x86_64