CRAN Package Check Results for Package sentometrics

Last updated on 2020-10-26 03:48:34 CET.

Flavor Version Tinstall Tcheck Ttotal Status Flags
r-devel-linux-x86_64-debian-clang 0.8.2 105.84 257.13 362.97 NOTE
r-devel-linux-x86_64-debian-gcc 0.8.2 69.67 183.47 253.14 NOTE
r-devel-linux-x86_64-fedora-clang 0.8.2 448.64 NOTE
r-devel-linux-x86_64-fedora-gcc 0.8.2 405.33 NOTE
r-devel-windows-ix86+x86_64 0.8.2 224.00 450.00 674.00 NOTE
r-patched-linux-x86_64 0.8.2 86.92 224.26 311.18 NOTE
r-patched-solaris-x86 0.8.2 509.60 NOTE
r-release-linux-x86_64 0.8.2 93.90 221.37 315.27 NOTE
r-release-macos-x86_64 0.8.2 NOTE
r-release-windows-ix86+x86_64 0.8.2 161.00 345.00 506.00 NOTE
r-oldrel-macos-x86_64 0.8.2 NOTE
r-oldrel-windows-ix86+x86_64 0.8.2 202.00 438.00 640.00 NOTE

Check Details

Version: 0.8.2
Check: for GNU extensions in Makefiles
Result: NOTE
    GNU make is a SystemRequirements.
Flavors: r-devel-linux-x86_64-debian-clang, r-devel-linux-x86_64-debian-gcc, r-devel-linux-x86_64-fedora-clang, r-devel-linux-x86_64-fedora-gcc, r-devel-windows-ix86+x86_64, r-patched-linux-x86_64, r-patched-solaris-x86, r-release-linux-x86_64, r-release-macos-x86_64, r-release-windows-ix86+x86_64, r-oldrel-macos-x86_64, r-oldrel-windows-ix86+x86_64

Version: 0.8.2
Check: installed package size
Result: NOTE
     installed size is 8.6Mb
     sub-directories of 1Mb or more:
     data 2.3Mb
     libs 5.2Mb
Flavors: r-devel-linux-x86_64-fedora-clang, r-devel-windows-ix86+x86_64, r-release-macos-x86_64, r-release-windows-ix86+x86_64, r-oldrel-macos-x86_64, r-oldrel-windows-ix86+x86_64

Version: 0.8.2
Check: Rd cross-references
Result: NOTE
    Undeclared packages ‘MCS’, ‘stopwords’, ‘lexicon’ in Rd xrefs
Flavor: r-devel-linux-x86_64-fedora-clang

Version: 0.8.2
Check: data for non-ASCII characters
Result: NOTE
     Note: found 4436 marked UTF-8 strings
Flavors: r-devel-linux-x86_64-fedora-clang, r-devel-linux-x86_64-fedora-gcc, r-patched-solaris-x86, r-release-macos-x86_64, r-oldrel-macos-x86_64