CRAN Package Check Results for Package sentiment.ai

Last updated on 2024-03-05 04:57:50 CET.

Flavor Version Tinstall Tcheck Ttotal Status Flags
r-devel-linux-x86_64-debian-clang 0.1.1 8.32 90.95 99.27 OK
r-devel-linux-x86_64-debian-gcc 0.1.1 8.86 69.03 77.89 OK
r-devel-linux-x86_64-fedora-clang 0.1.1 128.08 NOTE
r-devel-linux-x86_64-fedora-gcc 0.1.1 145.83 NOTE
r-devel-windows-x86_64 0.1.1 11.00 87.00 98.00 OK
r-patched-linux-x86_64 0.1.1 9.17 91.13 100.30 OK
r-release-linux-x86_64 0.1.1 11.38 90.00 101.38 OK
r-release-macos-arm64 0.1.1 47.00 OK
r-release-macos-x86_64 0.1.1 79.00 OK
r-release-windows-x86_64 0.1.1 13.00 102.00 115.00 OK
r-oldrel-macos-arm64 0.1.1 42.00 NOTE
r-oldrel-windows-x86_64 0.1.1 14.00 109.00 123.00 OK

Check Details

Version: 0.1.1
Check: data for non-ASCII characters
Result: NOTE Note: found 836 marked UTF-8 strings Flavors: r-devel-linux-x86_64-fedora-clang, r-devel-linux-x86_64-fedora-gcc, r-oldrel-macos-arm64