CRAN Package Check Results for Package sensobol

Last updated on 2024-06-13 16:49:25 CEST.

Flavor Version Tinstall Tcheck Ttotal Status Flags
r-devel-linux-x86_64-debian-clang 1.1.5 33.17 87.78 120.95 OK
r-devel-linux-x86_64-debian-gcc 1.1.5 0.59 1.89 2.48 ERROR
r-devel-linux-x86_64-fedora-clang 1.1.5 170.04 OK
r-devel-linux-x86_64-fedora-gcc 1.1.5 170.15 OK
r-devel-windows-x86_64 1.1.5 32.00 110.00 142.00 OK
r-patched-linux-x86_64 1.1.5 33.34 84.49 117.83 OK
r-release-linux-x86_64 1.1.5 32.57 84.15 116.72 OK
r-release-macos-arm64 1.1.5 47.00 OK
r-release-macos-x86_64 1.1.5 75.00 OK
r-release-windows-x86_64 1.1.5 33.00 123.00 156.00 OK
r-oldrel-macos-arm64 1.1.5 55.00 OK
r-oldrel-macos-x86_64 1.1.5 103.00 OK
r-oldrel-windows-x86_64 1.1.5 39.00 130.00 169.00 OK

Check Details

Version: 1.1.5
Check: package dependencies
Result: ERROR Packages required but not available: 'ggplot2', 'stringr' Package suggested but not available for checking: ‘testthat’ See section ‘The DESCRIPTION file’ in the ‘Writing R Extensions’ manual. Flavor: r-devel-linux-x86_64-debian-gcc