CRAN Package Check Results for Package semverutils

Last updated on 2024-03-03 16:50:09 CET.

Flavor Version Tinstall Tcheck Ttotal Status Flags
r-devel-linux-x86_64-debian-clang 0.1.0 3.09 22.92 26.01 NOTE
r-devel-linux-x86_64-debian-gcc 0.1.0 2.01 17.63 19.64 NOTE
r-devel-linux-x86_64-fedora-clang 0.1.0 32.17 NOTE
r-devel-linux-x86_64-fedora-gcc 0.1.0 29.99 NOTE
r-devel-windows-x86_64 0.1.0 3.00 40.00 43.00 NOTE
r-patched-linux-x86_64 0.1.0 2.99 21.95 24.94 NOTE
r-release-linux-x86_64 0.1.0 2.27 22.12 24.39 NOTE
r-release-macos-arm64 0.1.0 16.00 NOTE
r-release-macos-x86_64 0.1.0 22.00 NOTE
r-release-windows-x86_64 0.1.0 4.00 40.00 44.00 NOTE
r-oldrel-macos-arm64 0.1.0 17.00 NOTE
r-oldrel-windows-x86_64 0.1.0 4.00 43.00 47.00 NOTE

Check Details

Version: 0.1.0
Check: package subdirectories
Result: NOTE Problems with news in ‘NEWS.md’: No news entries found. Flavors: r-devel-linux-x86_64-debian-clang, r-devel-linux-x86_64-debian-gcc, r-devel-linux-x86_64-fedora-clang, r-devel-linux-x86_64-fedora-gcc, r-devel-windows-x86_64, r-patched-linux-x86_64, r-release-linux-x86_64, r-release-macos-arm64, r-release-macos-x86_64, r-release-windows-x86_64

Version: 0.1.0
Check: LazyData
Result: NOTE 'LazyData' is specified without a 'data' directory Flavors: r-devel-linux-x86_64-debian-clang, r-devel-linux-x86_64-debian-gcc, r-devel-linux-x86_64-fedora-clang, r-devel-linux-x86_64-fedora-gcc, r-devel-windows-x86_64, r-patched-linux-x86_64, r-release-linux-x86_64, r-release-macos-arm64, r-release-macos-x86_64, r-release-windows-x86_64, r-oldrel-macos-arm64, r-oldrel-windows-x86_64

Version: 0.1.0
Check: dependencies in R code
Result: NOTE Namespace in Imports field not imported from: ‘R6’ All declared Imports should be used. Flavors: r-devel-linux-x86_64-fedora-clang, r-devel-linux-x86_64-fedora-gcc, r-oldrel-macos-arm64