CRAN Package Check Results for Package semver

Last updated on 2024-03-03 16:50:09 CET.

Flavor Version Tinstall Tcheck Ttotal Status Flags
r-devel-linux-x86_64-debian-clang 0.2.0 28.32 35.68 64.00 NOTE
r-devel-linux-x86_64-debian-gcc 0.2.0 20.81 27.45 48.26 NOTE
r-devel-linux-x86_64-fedora-clang 0.2.0 97.56 NOTE
r-devel-linux-x86_64-fedora-gcc 0.2.0 96.01 NOTE
r-devel-windows-x86_64 0.2.0 23.00 69.00 92.00 NOTE
r-patched-linux-x86_64 0.2.0 27.32 34.64 61.96 NOTE
r-release-linux-x86_64 0.2.0 22.97 34.66 57.63 NOTE
r-release-macos-arm64 0.2.0 38.00 NOTE
r-release-macos-x86_64 0.2.0 55.00 NOTE
r-release-windows-x86_64 0.2.0 24.00 77.00 101.00 NOTE
r-oldrel-macos-arm64 0.2.0 30.00 NOTE
r-oldrel-windows-x86_64 0.2.0 28.00 78.00 106.00 NOTE

Check Details

Version: 0.2.0
Check: C++ specification
Result: NOTE Specified C++11: please drop specification unless essential Flavors: r-devel-linux-x86_64-debian-clang, r-devel-linux-x86_64-debian-gcc, r-devel-linux-x86_64-fedora-clang, r-devel-linux-x86_64-fedora-gcc, r-devel-windows-x86_64, r-patched-linux-x86_64, r-release-linux-x86_64, r-release-macos-arm64, r-release-macos-x86_64, r-release-windows-x86_64

Version: 0.2.0
Check: LazyData
Result: NOTE 'LazyData' is specified without a 'data' directory Flavors: r-devel-linux-x86_64-debian-clang, r-devel-linux-x86_64-debian-gcc, r-devel-linux-x86_64-fedora-clang, r-devel-linux-x86_64-fedora-gcc, r-devel-windows-x86_64, r-patched-linux-x86_64, r-release-linux-x86_64, r-release-macos-arm64, r-release-macos-x86_64, r-release-windows-x86_64, r-oldrel-macos-arm64, r-oldrel-windows-x86_64

Version: 0.2.0
Check: compiled code
Result: NOTE File ‘semver/libs/semver.so’: Found no calls to: ‘R_registerRoutines’, ‘R_useDynamicSymbols’ It is good practice to register native routines and to disable symbol search. See ‘Writing portable packages’ in the ‘Writing R Extensions’ manual. Flavors: r-devel-linux-x86_64-fedora-clang, r-devel-linux-x86_64-fedora-gcc