CRAN Package Check Results for Package selenider

Last updated on 2024-06-13 04:52:40 CEST.

Flavor Version Tinstall Tcheck Ttotal Status Flags
r-devel-linux-x86_64-debian-clang 0.4.0 9.95 88.83 98.78 OK
r-devel-linux-x86_64-debian-gcc 0.4.0 0.55 1.69 2.24 ERROR
r-devel-linux-x86_64-fedora-clang 0.4.0 124.67 OK
r-devel-linux-x86_64-fedora-gcc 0.4.0 128.22 OK
r-devel-windows-x86_64 0.4.0 10.00 92.00 102.00 OK
r-patched-linux-x86_64 0.4.0 10.64 85.50 96.14 OK
r-release-linux-x86_64 0.4.0 10.49 86.23 96.72 OK
r-release-macos-arm64 0.4.0 59.00 OK
r-release-macos-x86_64 0.4.0 75.00 OK
r-release-windows-x86_64 0.4.0 9.00 99.00 108.00 OK
r-oldrel-macos-arm64 0.4.0 61.00 OK
r-oldrel-macos-x86_64 0.4.0 118.00 OK
r-oldrel-windows-x86_64 0.4.0 14.00 103.00 117.00 OK

Check Details

Version: 0.4.0
Check: package dependencies
Result: ERROR Package required but not available: ‘vctrs’ Packages suggested but not available for checking: 'purrr', 'rvest', 'selenium', 'shinytest2', 'testthat' See section ‘The DESCRIPTION file’ in the ‘Writing R Extensions’ manual. Flavor: r-devel-linux-x86_64-debian-gcc