CRAN Package Check Results for Package segmented

Last updated on 2024-02-24 04:58:54 CET.

Flavor Version Tinstall Tcheck Ttotal Status Flags
r-devel-linux-x86_64-debian-clang 2.0-3 27.46 153.63 181.09 OK
r-devel-linux-x86_64-debian-gcc 2.0-3 23.63 116.41 140.04 OK
r-devel-linux-x86_64-fedora-clang 2.0-3 231.13 OK
r-devel-linux-x86_64-fedora-gcc 2.0-3 222.55 OK
r-devel-windows-x86_64 2.0-3 28.00 124.00 152.00 OK
r-patched-linux-x86_64 2.0-3 31.61 156.40 188.01 OK
r-release-linux-x86_64 2.0-3 23.14 154.43 177.57 OK
r-release-macos-arm64 2.0-3 62.00 OK
r-release-macos-x86_64 2.0-3 152.00 OK
r-release-windows-x86_64 2.0-3 32.00 150.00 182.00 OK
r-oldrel-macos-arm64 2.0-3 60.00 NOTE
r-oldrel-windows-x86_64 2.0-3 34.00 148.00 182.00 NOTE

Check Details

Version: 2.0-3
Check: S3 generic/method consistency
Result: NOTE Found the following apparent S3 methods exported but not registered: model.matrix.segmented model.matrix.stepmented vcov.stepmented See section ‘Registering S3 methods’ in the ‘Writing R Extensions’ manual. Flavors: r-oldrel-macos-arm64, r-oldrel-windows-x86_64