Last updated on 2023-12-06 16:53:26 CET.
Flavor | Version | Tinstall | Tcheck | Ttotal | Status | Flags |
---|---|---|---|---|---|---|
r-devel-linux-x86_64-debian-clang | 0.3.1 | 70.31 | 156.38 | 226.69 | NOTE | |
r-devel-linux-x86_64-debian-gcc | 0.3.1 | 45.46 | 116.26 | 161.72 | NOTE | |
r-devel-linux-x86_64-fedora-clang | 0.3.1 | 318.89 | OK | |||
r-devel-linux-x86_64-fedora-gcc | 0.3.1 | 302.20 | OK | |||
r-devel-windows-x86_64 | 0.3.1 | 58.00 | 172.00 | 230.00 | OK | |
r-patched-linux-x86_64 | 0.3.1 | 62.42 | 150.95 | 213.37 | OK | |
r-release-linux-x86_64 | 0.3.1 | 58.83 | 150.77 | 209.60 | OK | |
r-release-macos-arm64 | 0.3.1 | 82.00 | OK | |||
r-release-macos-x86_64 | 0.3.1 | 177.00 | OK | |||
r-release-windows-x86_64 | 0.3.1 | 72.00 | 202.00 | 274.00 | OK | |
r-oldrel-macos-arm64 | 0.3.1 | 80.00 | OK | |||
r-oldrel-macos-x86_64 | 0.3.1 | 105.00 | OK | |||
r-oldrel-windows-x86_64 | 0.3.1 | 68.00 | 210.00 | 278.00 | OK |
Version: 0.3.1
Check: Rd files
Result: NOTE
checkRd: (-1) Gmixt_simultanee.Rd:21: Lost braces
21 | { \\sum{p=1 -> P} log( \\pi{p} f( y{ij} ; \\theta{p} ) ) }
| ^
checkRd: (-1) Gmixt_simultanee.Rd:21: Lost braces
21 | { \\sum{p=1 -> P} log( \\pi{p} f( y{ij} ; \\theta{p} ) ) }
| ^
checkRd: (-1) Gmixt_simultanee.Rd:21: Lost braces
21 | { \\sum{p=1 -> P} log( \\pi{p} f( y{ij} ; \\theta{p} ) ) }
| ^
checkRd: (-1) Gmixt_simultanee.Rd:21: Lost braces
21 | { \\sum{p=1 -> P} log( \\pi{p} f( y{ij} ; \\theta{p} ) ) }
| ^
checkRd: (-1) Gmixt_simultanee.Rd:21: Lost braces
21 | { \\sum{p=1 -> P} log( \\pi{p} f( y{ij} ; \\theta{p} ) ) }
| ^
checkRd: (-1) segclust2d.Rd:37: Lost braces
37 | Patin, R., Etienne, M. P., Lebarbier, E., Chamaill{\'e}-Jammes, S.,
| ^
Flavors: r-devel-linux-x86_64-debian-clang, r-devel-linux-x86_64-debian-gcc