Last updated on 2023-12-03 16:51:54 CET.
Flavor | Version | Tinstall | Tcheck | Ttotal | Status | Flags |
---|---|---|---|---|---|---|
r-devel-linux-x86_64-debian-clang | 0.9.1 | 7.77 | 68.92 | 76.69 | OK | |
r-devel-linux-x86_64-debian-gcc | 0.9.1 | 6.64 | 52.81 | 59.45 | OK | |
r-devel-linux-x86_64-fedora-clang | 0.9.1 | 104.80 | NOTE | |||
r-devel-linux-x86_64-fedora-gcc | 0.9.1 | 110.41 | OK | |||
r-devel-windows-x86_64 | 0.9.1 | 8.00 | 73.00 | 81.00 | OK | |
r-patched-linux-x86_64 | 0.9.1 | 12.14 | 66.95 | 79.09 | OK | |
r-release-linux-x86_64 | 0.9.1 | 5.63 | 67.01 | 72.64 | OK | |
r-release-macos-arm64 | 0.9.1 | 39.00 | NOTE | |||
r-release-macos-x86_64 | 0.9.1 | 57.00 | NOTE | |||
r-release-windows-x86_64 | 0.9.1 | 10.00 | 86.00 | 96.00 | OK | |
r-oldrel-macos-arm64 | 0.9.1 | 30.00 | NOTE | |||
r-oldrel-macos-x86_64 | 0.9.1 | 51.00 | NOTE | |||
r-oldrel-windows-x86_64 | 0.9.1 | 12.00 | 86.00 | 98.00 | OK |
Version: 0.9.1
Check: package dependencies
Result: NOTE
Package suggested but not available for checking: ‘rsbml’
Flavors: r-devel-linux-x86_64-fedora-clang, r-release-macos-arm64, r-release-macos-x86_64, r-oldrel-macos-arm64, r-oldrel-macos-x86_64