CRAN Package Check Results for Package sdmvspecies

Last updated on 2020-08-15 03:48:18 CEST.

Flavor Version Tinstall Tcheck Ttotal Status Flags
r-devel-linux-x86_64-debian-clang 0.3.2 9.44 102.10 111.54 OK
r-devel-linux-x86_64-debian-gcc 0.3.2 7.55 77.00 84.55 OK
r-devel-linux-x86_64-fedora-clang 0.3.2 138.25 OK
r-devel-linux-x86_64-fedora-gcc 0.3.2 165.19 OK
r-devel-windows-ix86+x86_64 0.3.2 25.00 144.00 169.00 OK
r-patched-linux-x86_64 0.3.2 8.50 99.22 107.72 OK
r-patched-solaris-x86 0.3.2 185.90 OK
r-release-linux-x86_64 0.3.2 9.37 100.42 109.79 OK
r-release-macos-x86_64 0.3.2 OK
r-release-windows-ix86+x86_64 0.3.2 25.00 105.00 130.00 OK
r-oldrel-macos-x86_64 0.3.2 WARN
r-oldrel-windows-ix86+x86_64 0.3.2 16.00 108.00 124.00 OK

Check Details

Version: 0.3.2
Check: for executable files
Result: WARN
    Found the following executable file:
     inst/external/env/bio14.bil
    Source packages should not contain undeclared executable files.
    See section ‘Package structure’ in the ‘Writing R Extensions’ manual.
Flavor: r-oldrel-macos-x86_64