CRAN Package Check Results for Package sdcTable

Last updated on 2020-08-07 15:48:55 CEST.

Flavor Version Tinstall Tcheck Ttotal Status Flags
r-devel-linux-x86_64-debian-clang 0.31 73.09 104.91 178.00 OK
r-devel-linux-x86_64-debian-gcc 0.31 55.99 75.07 131.06 OK
r-devel-linux-x86_64-fedora-clang 0.31 222.89 NOTE
r-devel-linux-x86_64-fedora-gcc 0.31 203.70 NOTE
r-devel-windows-ix86+x86_64 0.31 179.00 157.00 336.00 NOTE
r-patched-linux-x86_64 0.31 59.97 96.92 156.89 OK
r-patched-solaris-x86 0.31 232.60 NOTE
r-release-linux-x86_64 0.31 59.09 96.32 155.41 OK
r-release-macos-x86_64 0.31 NOTE
r-release-windows-ix86+x86_64 0.31 173.00 196.00 369.00 NOTE
r-oldrel-macos-x86_64 0.31 NOTE
r-oldrel-windows-ix86+x86_64 0.31 112.00 190.00 302.00 NOTE

Check Details

Version: 0.31
Check: dependencies in R code
Result: NOTE
    Namespace in Imports field not imported from: 'lpSolveAPI'
     All declared Imports should be used.
Flavors: r-devel-linux-x86_64-fedora-clang, r-devel-linux-x86_64-fedora-gcc, r-patched-solaris-x86, r-release-macos-x86_64, r-oldrel-macos-x86_64

Version: 0.31
Check: installed package size
Result: NOTE
     installed size is 5.7Mb
     sub-directories of 1Mb or more:
     R 1.3Mb
     libs 4.0Mb
Flavors: r-devel-windows-ix86+x86_64, r-release-macos-x86_64, r-release-windows-ix86+x86_64, r-oldrel-macos-x86_64, r-oldrel-windows-ix86+x86_64