CRAN Package Check Results for Package sdPrior

Last updated on 2024-03-03 04:48:48 CET.

Flavor Version Tinstall Tcheck Ttotal Status Flags
r-devel-linux-x86_64-debian-clang 1.0-0 11.75 100.97 112.72 NOTE
r-devel-linux-x86_64-debian-gcc 1.0-0 8.44 75.23 83.67 NOTE
r-devel-linux-x86_64-fedora-clang 1.0-0 141.20 NOTE
r-devel-linux-x86_64-fedora-gcc 1.0-0 131.75 NOTE
r-devel-windows-x86_64 1.0-0 10.00 92.00 102.00 NOTE
r-patched-linux-x86_64 1.0-0 11.96 98.40 110.36 NOTE
r-release-linux-x86_64 1.0-0 8.42 96.99 105.41 NOTE
r-release-macos-arm64 1.0-0 44.00 NOTE
r-release-macos-x86_64 1.0-0 69.00 NOTE
r-release-windows-x86_64 1.0-0 13.00 107.00 120.00 NOTE
r-oldrel-macos-arm64 1.0-0 36.00 NOTE
r-oldrel-windows-x86_64 1.0-0 13.00 107.00 120.00 NOTE

Check Details

Version: 1.0-0
Check: Rd files
Result: NOTE checkRd: (-1) hyperpar.Rd:17: Lost braces 17 | \item{c}{denotes the expected range of eqn{f} .} | ^ Flavors: r-devel-linux-x86_64-debian-clang, r-devel-linux-x86_64-debian-gcc, r-devel-linux-x86_64-fedora-clang, r-devel-linux-x86_64-fedora-gcc

Version: 1.0-0
Check: LazyData
Result: NOTE 'LazyData' is specified without a 'data' directory Flavors: r-devel-linux-x86_64-debian-clang, r-devel-linux-x86_64-debian-gcc, r-devel-linux-x86_64-fedora-clang, r-devel-linux-x86_64-fedora-gcc, r-devel-windows-x86_64, r-patched-linux-x86_64, r-release-linux-x86_64, r-release-macos-arm64, r-release-macos-x86_64, r-release-windows-x86_64, r-oldrel-macos-arm64, r-oldrel-windows-x86_64