Last updated on 2023-12-09 16:49:33 CET.
Flavor | Version | Tinstall | Tcheck | Ttotal | Status | Flags |
---|---|---|---|---|---|---|
r-devel-linux-x86_64-debian-clang | 0.0.1.0 | 12.58 | 114.72 | 127.30 | NOTE | |
r-devel-linux-x86_64-debian-gcc | 0.0.1.0 | 11.33 | 86.99 | 98.32 | NOTE | |
r-devel-linux-x86_64-fedora-clang | 0.0.1.0 | 170.13 | NOTE | |||
r-devel-linux-x86_64-fedora-gcc | 0.0.1.0 | 152.33 | NOTE | |||
r-devel-windows-x86_64 | 0.0.1.0 | 14.00 | 102.00 | 116.00 | NOTE | |
r-patched-linux-x86_64 | 0.0.1.0 | 15.03 | 111.33 | 126.36 | NOTE | |
r-release-linux-x86_64 | 0.0.1.0 | 11.10 | 110.28 | 121.38 | NOTE | |
r-release-macos-arm64 | 0.0.1.0 | 48.00 | NOTE | |||
r-release-macos-x86_64 | 0.0.1.0 | 79.00 | NOTE | |||
r-release-windows-x86_64 | 0.0.1.0 | 17.00 | 124.00 | 141.00 | NOTE | |
r-oldrel-macos-arm64 | 0.0.1.0 | 43.00 | NOTE | |||
r-oldrel-macos-x86_64 | 0.0.1.0 | 79.00 | NOTE | |||
r-oldrel-windows-x86_64 | 0.0.1.0 | 18.00 | 122.00 | 140.00 | NOTE |
Version: 0.0.1.0
Check: LazyData
Result: NOTE
'LazyData' is specified without a 'data' directory
Flavors: r-devel-linux-x86_64-debian-clang, r-devel-linux-x86_64-debian-gcc, r-devel-linux-x86_64-fedora-clang, r-devel-linux-x86_64-fedora-gcc, r-devel-windows-x86_64, r-patched-linux-x86_64, r-release-linux-x86_64, r-release-macos-arm64, r-release-macos-x86_64, r-release-windows-x86_64, r-oldrel-macos-arm64, r-oldrel-macos-x86_64, r-oldrel-windows-x86_64