CRAN Package Check Results for Package schrute

Last updated on 2024-02-29 15:53:58 CET.

Flavor Version Tinstall Tcheck Ttotal Status Flags
r-devel-linux-x86_64-debian-clang 1.0.1 3.48 34.09 37.57 OK
r-devel-linux-x86_64-debian-gcc 1.0.1 3.66 26.70 30.36 OK
r-devel-linux-x86_64-fedora-clang 1.0.1 49.49 NOTE
r-devel-linux-x86_64-fedora-gcc 1.0.1 58.52 NOTE
r-devel-windows-x86_64 1.0.1 6.00 49.00 55.00 OK
r-patched-linux-x86_64 1.0.1 4.38 34.25 38.63 OK
r-release-linux-x86_64 1.0.1 4.48 34.28 38.76 OK
r-release-macos-arm64 1.0.1 31.00 OK
r-release-macos-x86_64 1.0.1 41.00 OK
r-release-windows-x86_64 1.0.1 5.00 52.00 57.00 OK
r-oldrel-macos-arm64 1.0.1 28.00 OK
r-oldrel-windows-x86_64 1.0.1 7.00 56.00 63.00 OK

Check Details

Version: 1.0.1
Check: data for non-ASCII characters
Result: NOTE Note: found 464 marked UTF-8 strings Flavors: r-devel-linux-x86_64-fedora-clang, r-devel-linux-x86_64-fedora-gcc