CRAN Package Check Results for Package scbursts

Last updated on 2024-04-23 16:58:28 CEST.

Flavor Version Tinstall Tcheck Ttotal Status Flags
r-devel-linux-x86_64-debian-clang 1.6 4.29 65.58 69.87 NOTE
r-devel-linux-x86_64-debian-gcc 1.6 4.70 48.86 53.56 NOTE
r-devel-linux-x86_64-fedora-clang 1.6 91.33 NOTE
r-devel-linux-x86_64-fedora-gcc 1.6 100.94 NOTE
r-prerel-macos-arm64 1.6 43.00 NOTE
r-prerel-windows-x86_64 1.6 7.00 110.00 117.00 NOTE
r-patched-linux-x86_64 1.6 7.36 62.49 69.85 NOTE
r-release-linux-x86_64 1.6 4.51 61.55 66.06 NOTE
r-release-macos-arm64 1.6 39.00 NOTE
r-release-macos-x86_64 1.6 52.00 NOTE
r-release-windows-x86_64 1.6 9.00 110.00 119.00 NOTE
r-oldrel-macos-arm64 1.6 31.00 NOTE
r-oldrel-windows-x86_64 1.6 8.00 105.00 113.00 NOTE

Check Details

Version: 1.6
Check: LazyData
Result: NOTE 'LazyData' is specified without a 'data' directory Flavors: r-devel-linux-x86_64-debian-clang, r-devel-linux-x86_64-debian-gcc, r-devel-linux-x86_64-fedora-clang, r-devel-linux-x86_64-fedora-gcc, r-prerel-macos-arm64, r-prerel-windows-x86_64, r-patched-linux-x86_64, r-release-linux-x86_64, r-release-macos-arm64, r-release-macos-x86_64, r-release-windows-x86_64, r-oldrel-macos-arm64, r-oldrel-windows-x86_64