CRAN Package Check Results for Package scatterD3

Last updated on 2024-02-23 16:53:30 CET.

Flavor Version Tinstall Tcheck Ttotal Status Flags
r-devel-linux-x86_64-debian-clang 1.0.1 NOTE
r-devel-linux-x86_64-debian-gcc 1.0.1 2.77 28.04 30.81 NOTE
r-devel-linux-x86_64-fedora-clang 1.0.1 48.96 OK
r-devel-linux-x86_64-fedora-gcc 1.0.1 58.58 OK
r-devel-windows-x86_64 1.0.1 4.00 49.00 53.00 OK
r-patched-linux-x86_64 1.0.1 3.40 34.72 38.12 OK
r-release-linux-x86_64 1.0.1 2.27 35.52 37.79 OK
r-release-macos-arm64 1.0.1 27.00 OK
r-release-macos-x86_64 1.0.1 38.00 OK
r-release-windows-x86_64 1.0.1 6.00 53.00 59.00 OK
r-oldrel-macos-arm64 1.0.1 20.00 OK
r-oldrel-windows-x86_64 1.0.1 6.00 55.00 61.00 OK

Check Details

Version: 1.0.1
Check: Rd files
Result: NOTE checkRd: (-1) scatterD3.Rd:209: Lost braces; missing escapes or markup? 209 | {https://github.com/skokenes/D3-Lasso-Plugin}{d3-lasso-plugin} feature} | ^ checkRd: (-1) scatterD3.Rd:209: Lost braces 209 | {https://github.com/skokenes/D3-Lasso-Plugin}{d3-lasso-plugin} feature} | ^ Flavors: r-devel-linux-x86_64-debian-clang, r-devel-linux-x86_64-debian-gcc