CRAN Package Check Results for Package scales

Last updated on 2020-07-06 04:47:56 CEST.

Flavor Version Tinstall Tcheck Ttotal Status Flags
r-devel-linux-x86_64-debian-clang 1.1.1 9.05 56.78 65.83 OK
r-devel-linux-x86_64-debian-gcc 1.1.1 6.77 43.74 50.51 OK
r-devel-linux-x86_64-fedora-clang 1.1.1 85.86 NOTE
r-devel-linux-x86_64-fedora-gcc 1.1.1 74.95 OK
r-devel-windows-ix86+x86_64 1.1.1 17.00 65.00 82.00 OK
r-patched-linux-x86_64 1.1.1 8.87 56.04 64.91 OK
r-patched-solaris-x86 1.1.1 99.80 OK
r-release-linux-x86_64 1.1.1 8.00 55.27 63.27 OK
r-release-osx-x86_64 1.1.1 OK
r-release-windows-ix86+x86_64 1.1.1 14.00 63.00 77.00 OK
r-oldrel-osx-x86_64 1.1.1 OK
r-oldrel-windows-ix86+x86_64 1.1.1 16.00 92.00 108.00 OK

Check Details

Version: 1.1.1
Check: Rd cross-references
Result: NOTE
    Undeclared package ‘plyr’ in Rd xrefs
Flavor: r-devel-linux-x86_64-fedora-clang