CRAN Package Check Results for Package scagnostics

Last updated on 2024-02-25 04:51:17 CET.

Flavor Version Tinstall Tcheck Ttotal Status Flags
r-devel-linux-x86_64-debian-clang 0.2-6 3.50 38.71 42.21 NOTE
r-devel-linux-x86_64-debian-gcc 0.2-6 2.86 29.72 32.58 NOTE
r-devel-linux-x86_64-fedora-clang 0.2-6 52.25 NOTE
r-devel-linux-x86_64-fedora-gcc 0.2-6 51.65 NOTE
r-devel-windows-x86_64 0.2-6 3.00 49.00 52.00 OK
r-patched-linux-x86_64 0.2-6 2.56 39.28 41.84 OK
r-release-linux-x86_64 0.2-6 3.95 37.63 41.58 OK
r-release-macos-arm64 0.2-6 21.00 OK
r-release-macos-x86_64 0.2-6 32.00 OK
r-release-windows-x86_64 0.2-6 3.00 51.00 54.00 OK
r-oldrel-macos-arm64 0.2-6 21.00 OK
r-oldrel-windows-x86_64 0.2-6 6.00 56.00 62.00 OK

Check Details

Version: 0.2-6
Check: DESCRIPTION meta-information
Result: NOTE License stub is invalid DCF. Flavors: r-devel-linux-x86_64-debian-clang, r-devel-linux-x86_64-debian-gcc, r-devel-linux-x86_64-fedora-clang, r-devel-linux-x86_64-fedora-gcc