CRAN Package Check Results for Package scTenifoldKnk

Last updated on 2024-02-24 04:58:54 CET.

Flavor Version Tinstall Tcheck Ttotal Status Flags
r-devel-linux-x86_64-debian-clang 1.0.1 6.10 73.12 79.22 NOTE
r-devel-linux-x86_64-debian-gcc 1.0.1 5.81 57.71 63.52 NOTE
r-devel-linux-x86_64-fedora-clang 1.0.1 102.63 NOTE
r-devel-linux-x86_64-fedora-gcc 1.0.1 100.26 NOTE
r-devel-windows-x86_64 1.0.1 8.00 73.00 81.00 NOTE
r-patched-linux-x86_64 1.0.1 8.35 74.79 83.14 NOTE
r-release-linux-x86_64 1.0.1 6.52 73.90 80.42 NOTE
r-release-macos-arm64 1.0.1 36.00 NOTE
r-release-macos-x86_64 1.0.1 83.00 NOTE
r-release-windows-x86_64 1.0.1 10.00 84.00 94.00 NOTE
r-oldrel-macos-arm64 1.0.1 34.00 NOTE
r-oldrel-windows-x86_64 1.0.1 11.00 89.00 100.00 NOTE

Check Details

Version: 1.0.1
Check: LazyData
Result: NOTE 'LazyData' is specified without a 'data' directory Flavors: r-devel-linux-x86_64-debian-clang, r-devel-linux-x86_64-debian-gcc, r-devel-linux-x86_64-fedora-clang, r-devel-linux-x86_64-fedora-gcc, r-devel-windows-x86_64, r-patched-linux-x86_64, r-release-linux-x86_64, r-release-macos-arm64, r-release-macos-x86_64, r-release-windows-x86_64, r-oldrel-macos-arm64, r-oldrel-windows-x86_64

Version: 1.0.1
Check: dependencies in R code
Result: NOTE Namespaces in Imports field not imported from: ‘methods’ ‘pbapply’ ‘utils’ All declared Imports should be used. Flavors: r-devel-linux-x86_64-fedora-clang, r-devel-linux-x86_64-fedora-gcc, r-oldrel-macos-arm64