CRAN Package Check Results for Package scRNAtools

Last updated on 2020-08-03 05:49:00 CEST.

Flavor Version Tinstall Tcheck Ttotal Status Flags
r-devel-linux-x86_64-debian-clang 1.0 18.24 146.22 164.46 NOTE
r-devel-linux-x86_64-debian-gcc 1.0 14.41 110.94 125.35 NOTE
r-devel-linux-x86_64-fedora-clang 1.0 201.81 NOTE
r-devel-linux-x86_64-fedora-gcc 1.0 190.15 NOTE
r-devel-windows-ix86+x86_64 1.0 67.00 136.00 203.00 OK
r-patched-linux-x86_64 1.0 14.18 140.89 155.07 NOTE
r-patched-solaris-x86 1.0 268.60 NOTE
r-release-linux-x86_64 1.0 15.76 141.29 157.05 NOTE
r-release-macos-x86_64 1.0 ERROR
r-release-windows-ix86+x86_64 1.0 60.00 204.00 264.00 OK
r-oldrel-macos-x86_64 1.0 ERROR
r-oldrel-windows-ix86+x86_64 1.0 32.00 170.00 202.00 OK

Check Details

Version: 1.0
Check: for non-standard things in the check directory
Result: NOTE
    Found the following files/directories:
     'untitled_consensus_cluster'
Flavors: r-devel-linux-x86_64-debian-clang, r-devel-linux-x86_64-debian-gcc, r-devel-linux-x86_64-fedora-clang, r-devel-linux-x86_64-fedora-gcc, r-patched-linux-x86_64, r-patched-solaris-x86, r-release-linux-x86_64

Version: 1.0
Check: package dependencies
Result: ERROR
    Packages required but not available: 'ALL', 'ConsensusClusterPlus'
    
    See section ‘The DESCRIPTION file’ in the ‘Writing R Extensions’
    manual.
Flavors: r-release-macos-x86_64, r-oldrel-macos-x86_64