CRAN Package Check Results for Package scModels

Last updated on 2024-02-29 15:53:58 CET.

Flavor Version Tinstall Tcheck Ttotal Status Flags
r-devel-linux-x86_64-debian-clang 1.0.4 40.74 120.55 161.29 NOTE
r-devel-linux-x86_64-debian-gcc 1.0.4 32.65 94.86 127.51 NOTE
r-devel-linux-x86_64-fedora-clang 1.0.4 219.25 NOTE
r-devel-linux-x86_64-fedora-gcc 1.0.4 210.40 NOTE
r-devel-windows-x86_64 1.0.4 32.00 152.00 184.00 NOTE
r-patched-linux-x86_64 1.0.4 39.18 115.78 154.96 NOTE
r-release-linux-x86_64 1.0.4 38.26 117.80 156.06 NOTE
r-release-macos-arm64 1.0.4 82.00 NOTE
r-release-macos-x86_64 1.0.4 132.00 NOTE
r-release-windows-x86_64 1.0.4 42.00 178.00 220.00 NOTE
r-oldrel-macos-arm64 1.0.4 74.00 OK
r-oldrel-windows-x86_64 1.0.4 41.00 176.00 217.00 OK

Check Details

Version: 1.0.4
Check: C++ specification
Result: NOTE Specified C++11: please drop specification unless essential Flavors: r-devel-linux-x86_64-debian-clang, r-devel-linux-x86_64-debian-gcc, r-devel-linux-x86_64-fedora-clang, r-devel-linux-x86_64-fedora-gcc, r-devel-windows-x86_64, r-patched-linux-x86_64, r-release-linux-x86_64, r-release-macos-arm64, r-release-macos-x86_64, r-release-windows-x86_64