CRAN Package Check Results for Package scMappR

Last updated on 2024-03-03 16:50:09 CET.

Flavor Version Tinstall Tcheck Ttotal Status Flags
r-devel-linux-x86_64-debian-clang 1.0.11 73.10 688.61 761.71 OK
r-devel-linux-x86_64-debian-gcc 1.0.11 61.53 515.76 577.29 OK
r-devel-linux-x86_64-fedora-clang 1.0.11 953.31 OK
r-devel-linux-x86_64-fedora-gcc 1.0.11 963.40 OK
r-devel-windows-x86_64 1.0.11 63.00 472.00 535.00 OK
r-patched-linux-x86_64 1.0.11 53.05 659.57 712.62 OK
r-release-linux-x86_64 1.0.11 53.63 691.09 744.72 OK
r-release-macos-arm64 1.0.11 10.00 ERROR
r-release-macos-x86_64 1.0.11 7.00 ERROR
r-release-windows-x86_64 1.0.11 87.00 626.00 713.00 OK
r-oldrel-macos-arm64 1.0.11 202.00 OK
r-oldrel-windows-x86_64 1.0.11 86.00 570.00 656.00 OK

Check Details

Version: 1.0.11
Check: package dependencies
Result: ERROR Package required but not available: ‘GSVA’ See section ‘The DESCRIPTION file’ in the ‘Writing R Extensions’ manual. Flavors: r-release-macos-arm64, r-release-macos-x86_64