CRAN Package Check Results for Package scGate

Last updated on 2024-02-26 16:56:36 CET.

Flavor Version Tinstall Tcheck Ttotal Status Flags
r-devel-linux-x86_64-debian-clang 1.6.0 61.63 506.17 567.80 OK
r-devel-linux-x86_64-debian-gcc 1.6.0 52.32 373.06 425.38 OK
r-devel-linux-x86_64-fedora-clang 1.6.0 744.93 OK
r-devel-linux-x86_64-fedora-gcc 1.6.0 750.97 OK
r-devel-windows-x86_64 1.6.0 57.00 339.00 396.00 OK
r-patched-linux-x86_64 1.6.0 43.50 482.11 525.61 OK
r-release-linux-x86_64 1.6.0 42.61 489.98 532.59 OK
r-release-macos-arm64 1.6.0 9.00 ERROR
r-release-macos-x86_64 1.6.0 7.00 ERROR
r-release-windows-x86_64 1.6.0 74.00 440.00 514.00 OK
r-oldrel-macos-arm64 1.4.1 9.00 ERROR
r-oldrel-windows-x86_64 1.4.1 68.00 428.00 496.00 OK

Check Details

Version: 1.6.0
Check: package dependencies
Result: ERROR Package required and available but unsuitable version: ‘UCell’ See section ‘The DESCRIPTION file’ in the ‘Writing R Extensions’ manual. Flavors: r-release-macos-arm64, r-release-macos-x86_64

Version: 1.4.1
Check: package dependencies
Result: ERROR Package required and available but unsuitable version: ‘UCell’ See section ‘The DESCRIPTION file’ in the ‘Writing R Extensions’ manual. Flavor: r-oldrel-macos-arm64