CRAN Package Check Results for Package sazedR

Last updated on 2024-02-24 16:48:33 CET.

Flavor Version Tinstall Tcheck Ttotal Status Flags
r-devel-linux-x86_64-debian-clang 2.0.2 4.73 45.44 50.17 NOTE
r-devel-linux-x86_64-debian-gcc 2.0.2 4.42 34.47 38.89 NOTE
r-devel-linux-x86_64-fedora-clang 2.0.2 61.34 NOTE
r-devel-linux-x86_64-fedora-gcc 2.0.2 58.70 NOTE
r-devel-windows-x86_64 2.0.2 6.00 59.00 65.00 NOTE
r-patched-linux-x86_64 2.0.2 4.87 43.79 48.66 NOTE
r-release-linux-x86_64 2.0.2 5.24 43.30 48.54 NOTE
r-release-macos-arm64 2.0.2 25.00 NOTE
r-release-macos-x86_64 2.0.2 33.00 NOTE
r-release-windows-x86_64 2.0.2 8.00 65.00 73.00 NOTE
r-oldrel-macos-arm64 2.0.2 24.00 NOTE
r-oldrel-windows-x86_64 2.0.2 7.00 66.00 73.00 NOTE

Check Details

Version: 2.0.2
Check: LazyData
Result: NOTE 'LazyData' is specified without a 'data' directory Flavors: r-devel-linux-x86_64-debian-clang, r-devel-linux-x86_64-debian-gcc, r-devel-linux-x86_64-fedora-clang, r-devel-linux-x86_64-fedora-gcc, r-devel-windows-x86_64, r-patched-linux-x86_64, r-release-linux-x86_64, r-release-macos-arm64, r-release-macos-x86_64, r-release-windows-x86_64, r-oldrel-macos-arm64, r-oldrel-windows-x86_64