CRAN Package Check Results for Package sassy

Last updated on 2024-02-22 05:01:57 CET.

Flavor Version Tinstall Tcheck Ttotal Status Flags
r-devel-linux-x86_64-debian-clang 1.2.3 OK
r-devel-linux-x86_64-debian-gcc 1.2.3 7.04 84.44 91.48 OK
r-devel-linux-x86_64-fedora-clang 1.2.3 146.25 NOTE
r-devel-linux-x86_64-fedora-gcc 1.2.3 152.28 OK
r-devel-windows-x86_64 1.2.3 8.00 109.00 117.00 NOTE
r-patched-linux-x86_64 1.2.3 7.00 107.92 114.92 OK
r-release-linux-x86_64 1.2.3 5.39 108.13 113.52 OK
r-release-macos-arm64 1.2.3 71.00 NOTE
r-release-macos-x86_64 1.2.3 135.00 NOTE
r-release-windows-x86_64 1.2.3 10.00 126.00 136.00 NOTE
r-oldrel-macos-arm64 1.2.3 82.00 NOTE
r-oldrel-windows-x86_64 1.2.3 11.00 132.00 143.00 NOTE

Check Details

Version: 1.2.3
Check: installed package size
Result: NOTE installed size is 6.5Mb sub-directories of 1Mb or more: doc 5.1Mb extdata 1.2Mb Flavors: r-devel-linux-x86_64-fedora-clang, r-devel-windows-x86_64, r-release-macos-arm64, r-release-macos-x86_64, r-release-windows-x86_64, r-oldrel-macos-arm64, r-oldrel-windows-x86_64